of 4936858376?
6
What is the ten thousands digit of 220132729?
3
What is the hundred thousands digit of 226962200?
9
What is the ten millions digit of 86347816?
8
What is the millions digit of 266254769?
6
What is the units digit of 2384656653?
3
What is the hundreds digit of 115048702?
7
What is the units digit of 95503245?
5
What is the tens digit of 140645754?
5
What is the millions digit of 1238905599?
8
What is the ten thousands digit of 280972761?
7
What is the billions digit of 2964929989?
2
What is the millions digit of 98175047?
8
What is the thousands digit of 563769300?
9
What is the hundreds digit of 90879314?
3
What is the units digit of 1123558562?
2
What is the tens digit of 146662522?
2
What is the thousands digit of 453743336?
3
What is the thousands digit of 116150585?
0
What is the hundred thousands digit of 4410135429?
1
What is the units digit of 2456308146?
6
What is the hundred thousands digit of 34094146?
0
What is the units digit of 1259649750?
0
What is the millions digit of 1328950155?
8
What is the millions digit of 513681725?
3
What is the thousands digit of 38012717?
2
What is the units digit of 1551483728?
8
What is the tens digit of 110777873?
7
What is the thousands digit of 162550425?
0
What is the billions digit of 4263184286?
4
What is the tens digit of 367351634?
3
What is the hundreds digit of 42636732?
7
What is the ten thousands digit of 38730102?
3
What is the units digit of 7455845?
5
What is the thousands digit of 775025406?
5
What is the ten millions digit of 2428471980?
2
What is the ten millions digit of 264355839?
6
What is the thousands digit of 18725614?
5
What is the hundred thousands digit of 1261654181?
6
What is the hundred thousands digit of 49236133?
2
What is the units digit of 8772799?
9
What is the hundreds digit of 11113046?
0
What is the millions digit of 175661528?
5
What is the ten millions digit of 4141353025?
4
What is the ten millions digit of 30917848?
3
What is the millions digit of 192276378?
2
What is the thousands digit of 2742847777?
7
What is the ten thousands digit of 687163929?
6
What is the tens digit of 399029445?
4
What is the ten thousands digit of 29518188?
1
What is the units digit of 6823564772?
2
What is the millions digit of 954634697?
4
What is the hundreds digit of 26318856?
8
What is the millions digit of 607476615?
7
What is the tens digit of 294330851?
5
What is the tens digit of 87499877?
7
What is the ten millions digit of 18173868?
1
What is the tens digit of 24196706?
0
What is the ten millions digit of 171061487?
7
What is the ten thousands digit of 23346492?
4
What is the units digit of 113510030?
0
What is the ten millions digit of 1839777520?
3
What is the units digit of 2486307075?
5
What is the hundred thousands digit of 16694485?
6
What is the hundred millions digit of 231589767?
2
What is the ten millions digit of 3710738650?
1
What is the thousands digit of 2223390531?
0
What is the thousands digit of 7531978855?
8
What is the thousands digit of 45609306?
9
What is the hundred thousands digit of 257065090?
0
What is the ten millions digit of 1531916664?
3
What is the hundred thousands digit of 408189836?
1
What is the hundreds digit of 1296888111?
1
What is the hundred thousands digit of 373654636?
6
What is the hundreds digit of 469976963?
9
What is the thousands digit of 2247960786?
0
What is the thousands digit of 640279618?
9
What is the hundred millions digit of 5373322886?
3
What is the hundred thousands digit of 1160929489?
9
What is the millions digit of 202955501?
2
What is the units digit of 750325908?
8
What is the thousands digit of 480053418?
3
What is the hundred millions digit of 226230382?
2
What is the ten thousands digit of 37333767?
3
What is the ten millions digit of 1590906611?
9
What is the ten millions digit of 680583494?
8
What is the hundred millions digit of 2573688118?
5
What is the millions digit of 379060776?
9
What is the thousands digit of 3568943297?
3
What is the hundreds digit of 103866280?
2
What is the millions digit of 77530726?
7
What is the hundred millions digit of 179537566?
1
What is the hundreds digit of 70766122?
1
What is the hundred thousands digit of 1899317916?
3
What is the hundreds digit of 1032473116?
1
What is the hundreds digit of 180877361?
3
What is the units digit of 409882382?
2
What is the ten millions digit of 1768555116?
6
What is the units digit of 95916576?
6
What is the billions digit of 2253166167?
2
What is the billions digit of 3489340081?
3
What is the ten thousands digit of 278661101?
6
What is the millions digit of 67893296?
7
What is the ten millions digit of 17005634?
1
What is the ten millions digit of 1477581707?
7
What is the units digit of 75363652?
2
What is the ten millions digit of 613298678?
1
What is the hundreds digit of 182202106?
1
What is the ten thousands digit of 169323581?
2
What is the millions digit of 49566213?
9
What is the ten thousands digit of 120367827?
6
What is the ten millions digit of 16011232?
1
What is the hundred thousands digit of 199695594?
6
What is the ten millions digit of 4217304097?
1
What is the ten millions digit of 471533976?
7
What is the hundreds digit of 508614762?
7
What is the millions digit of 54032016?
4
What is the hundred thousands digit of 40314673?
3
What is the hundred millions digit of 3111395320?
1
What is the millions digit of 51085802?
1
What is the units digit of 1422181063?
3
What is the hundred thousands digit of 222410486?
4
What is the millions digit of 287356222?
7
What is the units digit of 529845800?
0
What is the hundreds digit of 3820821?
8
What is the hundreds digit of 567488793?
7
What is the hundred thousands digit of 27688246?
6
What is the millions digit of 289384343?
9
What is the tens digit of 103475929?
2
What is the hundred millions digit of 418806318?
4
What is the ten millions digit of 15915623?
1
What is the thousands digit of 4617404468?
4
What is the hundreds digit of 14574681?
6
What is the units digit of 105921590?
0
What is the thousands digit of 26018767?
8
What is the units digit of 148043831?
1
What is the millions digit of 59095389?
9
What is the millions digit of 266579868?
6
What is the units digit of 4566343?
3
What is the millions digit of 69537871?
9
What is the tens digit of 21388612?
1
What is the billions digit of 7210991336?
7
What is the hundreds digit of 1818073282?
2
What is the hundreds digit of 447960031?
0
What is the hundreds digit of 976264853?
8
What is the ten millions digit of 177181028?
7
What is the ten thousands digit of 580001?
8
What is the ten millions digit of 209897932?
0
What is the thousands digit of 48225148?
5
What is the units digit of 423445053?
3
What is the millions digit of 10992224?
0
What is the thousands digit of 313395493?
5
What is the millions digit of 703547004?
3
What is the ten thousands digit of 5513346298?
4
What is the hundred millions digit of 255157758?
2
What is the ten millions digit of 287064962?
8
What is the millions digit of 369780230?
9
What is the units digit of 474414980?
0
What is the units digit of 3302129805?
5
What is the millions digit of 905950083?
5
What is the ten millions digit of 13848501?
1
What is the ten millions digit of 109019118?
0
What is the units digit of 1074432293?
3
What is the hundreds digit of 762121663?
6
What is the hundred millions digit of 2718007130?
7
What is the hundred thousands digit of 1689261534?
2
What is the ten millions digit of 2786851503?
8
What is the thousands digit of 1323249352?
9
What is the tens digit of 979999046?
4
What is the tens digit of 371551460?
6
What is the tens digit of 38906172?
7
What is the units digit of 50028221?
1
What is the tens digit of 783264151?
5
What is the hundreds digit of 23020925?
9
What is the ten thousands digit of 43280462?
8
What is the billions digit of 2259038711?
2
What is the hundreds digit of 26932022?
0
What is the hundred thousands digit of 91948456?
9
What is the units digit of 3210229?
9
What is the billions digit of 1193752386?
1
What is the thousands digit of 1552049405?
9
What is the units digit of 455999067?
7
What is the hundreds digit of 13781235?
2
What is the thousands digit of 1129650847?
0
What is the hundreds digit of 63379490?
